late (-5 - 5) + -18 + 34.
6
What is -6 + -1 + (-9 - -10)?
-6
Evaluate -46 - (-7 - 51) - (8 + 0).
4
Calculate -57 + 19 + 68 + 6.
36
(6 - (3 - 0)) + (13 - 3)
13
Calculate -12 - (-5 - (-8 - -10)).
-5
What is (-10 - (-2 - 12)) + (-26 - -19)?
-3
(20 - 27) + (-2 - -3 - (-7 + 2))
-1
Evaluate (253 - 267 - (-53 + 0)) + -9.
30
Evaluate (0 - 10 - 1) + (55 - (-76 - -138)).
-18
What is -3 + 14 + 7 + (5 - (14 + 0))?
9
Evaluate (0 - -4) + 111 + -114.
1
-1 + (16 - 27 - ((-2 - 3) + 2))
-9
What is the value of -16 + 33 - (7 + 0) - 0?
10
Calculate -15 + -5 + 7 - -1.
-12
5 + -1 - (-55 - -33 - -13)
13
What is 10 - 12 - (-7 - (-6 + 9 + -4))?
4
Calculate (60 - 21 - 19) + -42.
-22
2 + -7 - (4 + (-12 + -5 - 0))
8
Evaluate (15 - 4) + -8 + 3 + 5.
11
-7 + (-9 + 4 - -4) + 6
-2
Evaluate 10 + (-10 - -14) + 11 + -17.
8
What is the value of 5 + (15 + -8 - (6 + 3)) + 1?
4
-1 + (29 - 23 - (3 - -7)) - 7
-12
What is the value of 5 - (-9 + -29 + 20 + (-11 - -1))?
33
What is the value of -11 + -1 + (-1 - 3) + (-27 - -37)?
-6
8 + 0 - (63 + -57)
2
Evaluate (1 - ((-1 - 7) + 15 - 13)) + -18.
-11
13 + -12 + -21 + 21
1
What is 7 - (7 - (4 + 3))?
7
What is the value of -8 + 2 - (-71 - -74)?
-9
Evaluate -10 + -1 - -15 - (2 - -5).
-3
Evaluate -3 + (35 - (0 + -2 + 13)) + -1.
20
Evaluate 56 + -77 - (7 + -6 - -2).
-24
What is (-21 - 5) + 30 - -11?
15
What is the value of -19 + (-13 + 0 - -45)?
13
Calculate -68 + 65 - (-1 - (17 + 0 + -1)).
14
What is the value of -8 - (14 - (15 - (3 + 2)))?
-12
Evaluate -12 + -1 + 4 + 13 + 15.
19
-238 + 279 - (-5 - -23)
23
Evaluate (0 - (-1 - 8)) + 5 + 7.
21
What is the value of 9 + (11 - 13) + -3 + -4 - 9?
-9
What is the value of (-3 - 0) + 1 + 6 - (10 + 12)?
-18
Calculate 2 - ((-54 - -40) + 3).
13
-10 - (3 + 2 + -12 + 25)
-28
(-25 - -28 - 15) + 24
12
What is the value of -548 - -520 - (0 + -2)?
-26
16 + (-3 - 15 - -5)
3
15 + -4 - (343 - 323)
-9
1 + (12 - (-6 - (-8 - 4)) - 5)
2
What is the value of -2902 + 2874 + (0 - -31)?
3
-1 + 1 + -4 + 20 + -26 + 2
-8
What is -462 - -410 - (1 + -27)?
-26
Calculate 2 + 0 - (208 - 212).
6
What is the value of -7 + 0 - (14 + 17 + -25)?
-13
What is the value of 12 + (7 - (43 + -14) - -12)?
2
What is the value of 2 + 0 + (6 + 1 - 0)?
9
-1 - 0 - 4 - -2 - (-322 + 326)
-7
What is 2 + -3 + -4 + (-8 - -2) + 10?
-1
What is the value of 25 + 0 - (1069 + -1020)?
-24
(2 - -9) + (-5 - -5) + (-4 - 1)
6
What is the value of -7 + (21 - 5) + -5?
4
0 - (1 + -6 + -13)
18
(-22 - -1) + -140 + 153
-8
What is the value of -12 - (45 + -16 + -16)?
-25
Calculate (-6 - (9 - (-6 - -11))) + 6.
-4
-8 + (-24 - -68 - 14)
22
Evaluate -14 + 56 - (86 - 65).
21
Evaluate 1 - (3 + 3 + 2 + 2 - -1).
-10
22 + (-3 - -2) + 1 + -608 + 605
19
What is (3 - 4) + 18 + -13 - 7 - -19?
16
What is (11 - 34) + 11 + (11 - -5)?
4
Calculate (3 + -1 - 3) + 81 + -81.
-1
Evaluate 19 - (5 + -2 - (3 - 4 - 0)).
15
What is (-6 - (-3 + -1)) + 5 + (-5 - -1)?
-1
-19 + (31 - 5) - -8
15
What is 0 + (0 - (3 - 2)) - (91 + -94)?
2
What is -4 + -2 + -7 + 2 + -3 + 1?
-13
What is the value of 12 - (-13 + (-11 - -23) + 15)?
-2
(1 - 8) + (-413 - -404)
-16
(-1 - 56) + (3241 - 3202)
-18
What is 15 - (-3 + (47 - 26))?
-3
Evaluate 6 + 0 + (14 - 9) + -13.
-2
What is the value of 23 + -74 + -10 - -33?
-28
Evaluate -85 - -65 - (0 - 7).
-13
-4 + 1 - (4 + 1 - 14)
6
0 - (18 + 11 - 29)
0
What is 13 - (50 + (-4 - 8))?
-25
2 - (5 - 4) - ((3 - -18) + -28)
8
What is 1 - 2 - -8 - (-64 - -82 - -10)?
-21
-20 + -14 + 8 + (8 - 9) + 3
-24
Calculate (14 + -34 - -16) + 11.
7
What is the value of 9 - (7 + (-17 - 2) + -1 + 9)?
13
What is -9 + -7 + (5 - -4) - -3?
-4
What is the value of -1 + (-5 - -21 - 12)?
3
Evaluate 21 - 31 - ((1 - 3) + -6 + 10).
-12
(-37 - (7 + -4 + -7)) + 26 + -17
-24
Calculate 8 + -2 + -12 + -8 + (18 - 8).
-4
(9 - (1 + 9 + -1)) + 1 + 3
4
What is -10 - (13 - (28 - (10 - 5)))?
0
Calculate 1 + 30 - (2 + (-1 - 0) + 4).
26
What is 1 + (-2 - 7) + 5 + 5?
2
What is the value of 1 + -13 + (226 - 231)?
-17
Evaluate 1 - ((9 - 2) + 1) - 0.
-7
Calculate 7 + (7 - 13) + 5 + -4.
2
What is -2 + (-2 - -4) + -52 + 61 + -21?
-12
What is the value of -45 + 50 + (-7 - 5)?
-7
Calculate -6 + 11 + (-8 - -2).
-1
Calculate (9 - 1) + (802 - 800).
10
(-13 - 3) + 13 - -13
10
What is -30 - (32 + -59) - -21?
18
Evaluate (-33 - -1 - -6) + (4 - (-7 + 7)).
-22
What is the value of -50 + 20 - (7 + 4 - 3)?
-38
Evaluate -23 - (26 + 12 - 37).
-24
Evaluate (31 - 12) + -51 + 25.
-7
Calculate -5 + 5 + -9 + 9 + (-5 - 0).
-5
What is -12 - ((11 - -1) + -20) - -10?
6
-2 - 1 - ((18 - 18) + -13)
10
What is 22 + -24 + (-4 - 1) + -7 + 0?
-14
What is (-1 + 18 - -2) + -5?
14
Calculate (-5 + -28 - -17) + 5 + 1 - -6.
-4
Evaluate 5 - (13 - 5) - (3 - 17).
11
What is the value of (2 - 3) + (8 - -2) + -113 + 126?
22
-5 + -9 + (23 - 9)
0
What is the value of 12 + (12 - 42) + -6 + 1 + -2?
-25
What is the value of (17 - (0 + 2)) + (-37 - -17)?
-5
-3 + ((-2 - -8) + (-4 - 15) - -5)
-11
26 - (10 + (4 - -8))
4
What is -61 + 49 + (1 - 3 - -5) + 1?
-8
Evaluate -3 + (0 + -1 - (8 + -5 + -6)).
-1
-189 - -222 - (28 - 3)
8
Evaluate (36 + -40 - (-3 - -1)) + -20.
-22
Calculate (7 - (-2 - -7 - 2)) + 44 + -36.
12
What is the value of 1 + 2 + -9 + (139 - 147)?
-14
What is the value of (2 - ((-13 - 3) + 3)) + 0?
15
Calculate 2 + 2 + 0 + 9 + -2.
11
What is the value of -7 + (5 + 0 - (1 + 3)) + -4?
-10
What is the value of 3 + 15 + (-102 - -77)?
-7
Calculate 2 + 48 + -57 + (-1 + 22 - -1).
15
What is 9 + (2 - 8) - (-1 - -1) - 19?
-16
What is 1 - (9 + 12 - 10)?
-10
Calculate 8 - 2 - 1 - (-1 - -1).
5
Evaluate -18 + -7 + 0 + 16.
-9
What is the value of -11 - (-20 - -8) - (1 - 1 - 0)?
1
What is the value of -6 + 1 + 4 + (2 - 3)?
-2
What is (-1 - 6) + 0 + (46 - 55)?
-16
What is 34 - (-11 - -65) - 2?
-22
What is the value of 1 + 0 + (9 - (6 + 3)) - 10?
-9
What is the value of -5 + 0 - (-64 - (-60 + 32))?
31
Calculate 11 + (-6 + 7 - (-2 + 22)).
-8
What is 0 - -20 - (2 + 1 + 4)?
13
Calculate 15 - (-15 + 3 + 8 + 2 + 8).
9
What is -1 - 2 - (6 + (7 - 11) - 14)?
9
Calculate 26 - (-16 - -13 - 2) - (2 - -5).
24
Evaluate (14 - (-13 + 5) - 11) + -45 - -11.
-23
Calculate -2 - ((3 + 2 - 2) + 178 + -199).
16
-6 + (2 - -2 - 5)
-7
What is the value of 16 - 38 - -20 - (-1 - -9)?
-10
What is the value of (434 - 429) + (-10 - 1) + -2 + 4?
-4
What is -129 - -121 - (1 + -5)?
-4
What is 0 + 1 + (-27 - -31) + (0 - 0)?
5
What is -3 + 0 - -9 - 12?
-6
Calculate -16 - (-28 + 24) - (-2 + 5).
-15
Calculate 12 - ((-7 - -20) + 15).
-16
Calculate -2 - (17 - (-5 + 9)).
-15
-4 - (-2 + (-10 + 22 - 7))
-7
Calculate -9 - -7 - (15 - 0) - (-4 - -2).
-15
Evaluate -20 + 19 + (-4 - 1) + -8.
-14
Evaluate 4 + (-29 - -4 - -9).
-12
(42 - 35) + (-37 - (6 - 4)) + 8
-24
What is 22 + -1 + 7 - 19?
9
Calculate -5 + (26 - 5) + 4 - (3 - 4).
21
What is -8 - (27 + -7 + -18)?
-10
What is the value of -6 + (16 - (-17 - -36))?
-9
What is the value of -5 + 6 + (10 - (4 + 0) - 8)?
-1
(30 - (-19 + 42)) + -7
0
What is 0 - -1 - (17 - (5 + -3))?
-14
What is (26 - 77 - -40) + -17?
-28
What is (-17 - 0) + 27 + 1 + (1 - 1)?
11
(13 - (-10 + 28)) + -3 + 9 + -9
-8
Evaluate 9 - 1 - (37 - (-33 + 51)).
-11
(24 - 50) + 9 - -23
6
Evaluate -1 - (-24 - -10) - 11.
2
Evaluate -11 + -5 + 232 + -199.
17
17 + -24 + -1 - -3
-5
What is 26 - (39 + -30 + -1)?
18
What is the value of (0 - 0) + 8 + -23 + 13 + -7?
-9
Evaluate (-32 - -16) + 2 + 11 + 1 + -19.
-21
Evaluate (-79 - -129) + (-23 - 10).
17
Calculate 7 + (5 + -2 + -11 - -11) - 5.
5
What is -170 + 171 - (-2 - -12)?
-9
What is the value of -6 + 2 + -117 + 106 + (0 - -4)?
-11
What is the value of -34 + (2 - 1) + 13 + 6 + 1?
-13
Calculate 1 - (2 + 2 + -6 - (-1 - 2)).
0
What is the value of -5 + 2 + 7 + 1 + -5?
0
Evaluate -5 - -8 - -6 - 17.
-8
Evaluate 9 - 6 - (-5 - 3 - -7).
4
What is the value of 3 - -2 - (171 - 152)?
-14
What is the value of -3 + 3 - (-7 + 1 + 58 + -48)?
-4
Calculate 12 + -19 + -9 + -4.
-20
(-10 - 1) + 1 - -14
4
What is the value of (-2 - 14) + (-33 - -19) + 15?
-15
1 - -1 - (8 + (-27 - -11))
10
Evaluate (-54 - -47) + (-18 - 2) - -10.
-17
Evaluate (-32 - -1) + 1538 + -1528.
-21
What is the value of 16 + -11 - (13 + (-17 - -1))?
8
-10 - (-5 - 2) - (0 + -9 + 4)
2
9 + -52 + 46 + (3 - 1)
5
Calculate (13 + -1 - (-32 + 35)) + -14.
-5
9 + 3 + (14 - 11) - -2
17
Evaluate (-2 - 15) + (112 - 96) + -32.
-33
W